f 8984209?
8
What is the hundreds digit of 784920?
9
What is the ten thousands digit of 28553149?
5
What is the hundreds digit of 126961?
9
What is the millions digit of 2245186?
2
What is the thousands digit of 6750807?
0
What is the tens digit of 331384?
8
What is the ten thousands digit of 1920736?
2
What is the tens digit of 1080373?
7
What is the tens digit of 335341?
4
What is the units digit of 13836144?
4
What is the tens digit of 1653027?
2
What is the hundred thousands digit of 2038334?
0
What is the ten thousands digit of 150273?
5
What is the ten thousands digit of 950954?
5
What is the thousands digit of 412454?
2
What is the hundred thousands digit of 532723?
5
What is the thousands digit of 99666?
9
What is the hundred thousands digit of 4575271?
5
What is the tens digit of 1125086?
8
What is the thousands digit of 765932?
5
What is the hundred thousands digit of 356257?
3
What is the hundred thousands digit of 451491?
4
What is the ten thousands digit of 853415?
5
What is the thousands digit of 9132?
9
What is the hundreds digit of 5944149?
1
What is the ten thousands digit of 2879405?
7
What is the hundreds digit of 1436574?
5
What is the thousands digit of 348094?
8
What is the units digit of 8614610?
0
What is the tens digit of 675179?
7
What is the thousands digit of 12935842?
5
What is the ten thousands digit of 537652?
3
What is the hundred thousands digit of 221198?
2
What is the thousands digit of 386834?
6
What is the units digit of 403869?
9
What is the tens digit of 908567?
6
What is the units digit of 7518866?
6
What is the hundred thousands digit of 387707?
3
What is the hundreds digit of 65785?
7
What is the hundreds digit of 10769?
7
What is the tens digit of 2786084?
8
What is the tens digit of 2700456?
5
What is the ten thousands digit of 1220144?
2
What is the ten thousands digit of 35949?
3
What is the ten millions digit of 14333406?
1
What is the thousands digit of 1280835?
0
What is the units digit of 1682168?
8
What is the hundreds digit of 111968?
9
What is the ten thousands digit of 118871?
1
What is the ten thousands digit of 55586?
5
What is the thousands digit of 3062371?
2
What is the hundreds digit of 1095267?
2
What is the units digit of 5713?
3
What is the hundreds digit of 4820112?
1
What is the hundred thousands digit of 3467840?
4
What is the ten thousands digit of 37009?
3
What is the hundreds digit of 785750?
7
What is the tens digit of 74878?
7
What is the hundreds digit of 226637?
6
What is the hundred thousands digit of 15352599?
3
What is the hundreds digit of 5684049?
0
What is the thousands digit of 1193610?
3
What is the ten thousands digit of 5033888?
3
What is the hundred thousands digit of 252965?
2
What is the thousands digit of 547328?
7
What is the hundreds digit of 7256872?
8
What is the ten thousands digit of 566637?
6
What is the tens digit of 369250?
5
What is the hundred thousands digit of 339100?
3
What is the thousands digit of 6149857?
9
What is the hundreds digit of 433242?
2
What is the ten thousands digit of 1389551?
8
What is the ten thousands digit of 2197709?
9
What is the millions digit of 7658181?
7
What is the hundred thousands digit of 3238766?
2
What is the units digit of 217133?
3
What is the units digit of 867936?
6
What is the tens digit of 679246?
4
What is the tens digit of 23154401?
0
What is the tens digit of 2400254?
5
What is the tens digit of 254530?
3
What is the units digit of 200441?
1
What is the units digit of 257222?
2
What is the units digit of 22285163?
3
What is the units digit of 323213?
3
What is the ten thousands digit of 3919925?
1
What is the units digit of 40140?
0
What is the units digit of 23674288?
8
What is the hundreds digit of 26494559?
5
What is the hundreds digit of 163861?
8
What is the units digit of 1451144?
4
What is the hundreds digit of 765479?
4
What is the tens digit of 3824764?
6
What is the thousands digit of 694079?
4
What is the units digit of 389702?
2
What is the hundreds digit of 7221788?
7
What is the hundred thousands digit of 507019?
5
What is the units digit of 1480051?
1
What is the tens digit of 5013628?
2
What is the thousands digit of 30246?
0
What is the units digit of 718382?
2
What is the hundred thousands digit of 761991?
7
What is the units digit of 1200321?
1
What is the hundreds digit of 1693958?
9
What is the units digit of 264194?
4
What is the units digit of 583408?
8
What is the hundreds digit of 616908?
9
What is the hundreds digit of 3465651?
6
What is the thousands digit of 2514985?
4
What is the hundreds digit of 146959?
9
What is the hundreds digit of 99634?
6
What is the tens digit of 476985?
8
What is the units digit of 1032897?
7
What is the units digit of 1726454?
4
What is the tens digit of 4698605?
0
What is the hundreds digit of 7415876?
8
What is the ten thousands digit of 270614?
7
What is the units digit of 626211?
1
What is the ten thousands digit of 497646?
9
What is the units digit of 203260?
0
What is the hundred thousands digit of 187282?
1
What is the thousands digit of 4329024?
9
What is the hundreds digit of 405740?
7
What is the hundreds digit of 4138818?
8
What is the tens digit of 29644?
4
What is the tens digit of 313852?
5
What is the tens digit of 16732?
3
What is the hundreds digit of 10824852?
8
What is the hundreds digit of 1657242?
2
What is the hundred thousands digit of 6517924?
5
What is the thousands digit of 5593240?
3
What is the thousands digit of 9619066?
9
What is the thousands digit of 37103638?
3
What is the thousands digit of 762504?
2
What is the hundreds digit of 2584439?
4
What is the units digit of 17257945?
5
What is the thousands digit of 3135869?
5
What is the tens digit of 543337?
3
What is the hundreds digit of 628104?
1
What is the thousands digit of 149584?
9
What is the hundreds digit of 493882?
8
What is the units digit of 420911?
1
What is the ten thousands digit of 2510880?
1
What is the hundred thousands digit of 142211?
1
What is the tens digit of 794497?
9
What is the ten thousands digit of 102438?
0
What is the thousands digit of 1013762?
3
What is the hundreds digit of 54337?
3
What is the ten thousands digit of 492220?
9
What is the ten thousands digit of 422082?
2
What is the units digit of 339399?
9
What is the tens digit of 2320065?
6
What is the millions digit of 2374225?
2
What is the thousands digit of 226298?
6
What is the tens digit of 15077531?
3
What is the tens digit of 340673?
7
What is the thousands digit of 742119?
2
What is the millions digit of 1756686?
1
What is the millions digit of 2856015?
2
What is the ten thousands digit of 305610?
0
What is the units digit of 4302274?
4
What is the hundreds digit of 3306559?
5
What is the millions digit of 3979669?
3
What is the ten millions digit of 16640828?
1
What is the tens digit of 1126367?
6
What is the units digit of 181907?
7
What is the tens digit of 339389?
8
What is the hundred thousands digit of 2187096?
1
What is the thousands digit of 5670438?
0
What is the millions digit of 9600366?
9
What is the units digit of 728005?
5
What is the units digit of 40354?
4
What is the hundreds digit of 557886?
8
What is the thousands digit of 3144096?
4
What is the tens digit of 13524020?
2
What is the hundred thousands digit of 453658?
4
What is the millions digit of 14767178?
4
What is the thousands digit of 1096151?
6
What is the ten thousands digit of 381040?
8
What is the hundred thousands digit of 1286982?
2
What is the tens digit of 201758?
5
What is the hundreds digit of 5382?
3
What is the thousands digit of 16420297?
0
What is the millions digit of 5266851?
5
What is the hundreds digit of 17529663?
6
What is the hundred thousands digit of 508209?
5
What is the tens digit of 720385?
8
What is the tens digit of 4058829?
2
What is the hundred thousands digit of 823864?
8
What is the hundred thousands digit of 16751300?
7
What is the hundreds digit of 67855?
8
What is the ten thousands digit of 1315501?
1
What is the hundred thousands digit of 21970989?
9
What is the hundreds digit of 12289756?
7
What is the hundreds digit of 128611?
6
What is the ten thousands digit of 255232?
5
What is the ten millions digit of 12312093?
1
What is the tens digit of 11077565?
6
Wh